ivisor of 57 and o?
19
Let n(a) = a**3 + 4*a**2 + 3*a - 5*a**2 + 6*a**2. Let k be n(-3). Calculate the highest common factor of 1 and k.
1
Suppose 2*f - 138 = 4*f. Let a = f + 119. Calculate the greatest common factor of 125 and a.
25
Let b = 56 + -50. Let x = 8 - 4. Let j be ((-12)/8)/((-2)/x). Calculate the highest common factor of b and j.
3
Suppose 0 = 2*q - 0*q + 10. Let x = q + 8. Suppose -x*d = -8 + 2. What is the greatest common divisor of d and 16?
2
Suppose 4*p = 3*x - 67, 36 = 2*x - 2*p - 10. What is the greatest common factor of x and 5?
5
Let p(f) = -f**2 - 10*f - 13. Let r be p(-7). Let s(d) = d**3 - 6*d**2 - 5*d. Let c be s(r). Calculate the highest common divisor of 8 and c.
8
Let t(j) = -2*j + 18. Let g be t(0). Calculate the greatest common factor of g and 162.
18
Let g(u) = u**3 + 7*u**2 + 6*u. Suppose 13 = -4*d - 3. Let k be g(d). What is the greatest common divisor of 3 and k?
3
Suppose k = -2*k + 3. Calculate the highest common factor of 1 and k.
1
Let q(v) = v**3 + 12*v**2 - 5*v - 24. Let d be q(-12). Calculate the highest common factor of 12 and d.
12
Suppose -5*b = 1 - 91. Let n = 26 - b. What is the highest common factor of 24 and n?
8
Let h = -98 + 113. What is the greatest common divisor of h and 5?
5
Let w(v) = -v + 10. Let m be w(6). Let t(x) = 9*x - 6. Let j be t(m). Suppose -2*n + 5*n = j. What is the greatest common factor of 90 and n?
10
Suppose 2*l - 130 = -3*l. Calculate the highest common divisor of l and 78.
26
Let t = 20 - 18. Suppose -b - 28 = -t*b - 3*x, 70 = 5*b + x. What is the greatest common factor of 13 and b?
13
Let g = -39 - -56. Suppose 0 = -5*l - 4*j + 19, -l - 2*j = 4*l - g. Suppose -12 = -7*d + 6*d. What is the highest common divisor of d and l?
3
Let q = -6 + 20. Let y(n) = -n - 5. Let d be y(-9). Suppose 4*c = -l + 129 + 42, -d*c = 4*l - 180. What is the highest common divisor of q and c?
14
Let d(t) = -t**3 + 5*t**2 - 2*t + 8. Let l be 1 + (4 - 3)*5. Let n be d(l). Let o be (-28)/5*n/16. What is the highest common factor of o and 14?
14
Suppose 0 = -5*r + t - 3*t + 67, 0 = -2*t - 8. What is the highest common divisor of 105 and r?
15
Let x = 2 - 1. Let h = x - 0. Calculate the highest common divisor of h and 3.
1
Let p be (-7 - 114)/(3/(-3)). What is the highest common divisor of p and 11?
11
Suppose -5*v - 66 + 18 = -4*p, -3*p - 3*v + 9 = 0. Let y be (0 + p)*(-20)/(-14). Suppose 0 = -5*i + 49 + 51. Calculate the greatest common factor of i and y.
10
Let u = 13 + -6. Suppose 192 + 123 = 3*c. Let z be (2/(-3))/((-10)/c). What is the greatest common divisor of z and u?
7
Suppose l = 9*l - 160. Calculate the greatest common divisor of l and 160.
20
Let q = 8 - 6. Suppose w = -w - q. Let t be 124 - (-6)/(-3)*w. Calculate the highest common factor of t and 14.
14
Let s(q) = -16*q**3 - q**2. Let r be s(-1). What is the highest common divisor of 75 and r?
15
Let c(b) = -2*b + 17. Let v be c(8). Let o(u) = -3 + 1 + 25*u**2 - 2*u + 3. Let k be o(v). What is the highest common factor of 12 and k?
12
Suppose 5*q = -99 + 359. Let n = -22 + 35. Calculate the highest common divisor of q and n.
13
Let d be 0 - -8 - 1*-1. Suppose d = 2*s + s. Let y(a) = 3*a - 6. Let b be y(5). What is the greatest common divisor of s and b?
3
Let c = -93 + 192. Calculate the highest common factor of c and 9.
9
Suppose 0 = -4*f - 4*q + 260, -2*f + 2*q + 43 = -79. Calculate the greatest common divisor of f and 42.
21
Suppose 2*j = 5*j + 18. Let a be 30/20*(-56)/j. Calculate the greatest common factor of a and 2.
2
Suppose -b + 3 = -0. Let s be (2 - b) + 1 - -2. Let d = 16 + 6. What is the greatest common divisor of s and d?
2
Let j = 0 + 2. Suppose -5*w - j = -2*h - 4*w, 0 = 2*h - 4*w - 2. What is the greatest common factor of h and 8?
1
Let a = -9 + 5. Let r = a + 9. Suppose 3*f = -r*t + 136, -t - 4*f = -2*f - 30. Calculate the greatest common divisor of t and 65.
13
Suppose 16 = 4*g + 2*j, 4*g = -2*j + j + 18. Suppose 2*q - 7 = -g. What is the greatest common divisor of q and 4?
1
Let h be -2 + (3 - (1 - 2)). Let c be 914/4 + h/(-4). Suppose 0 = -4*u - 4*z + 8*z + c, -u = 2*z - 51. What is the greatest common factor of 5 and u?
5
Suppose i = 5*l - 190, 3*l - i = -4*i + 96. Let y = l + 33. What is the highest common divisor of y and 28?
14
Let l = -66 - -111. Calculate the highest common divisor of l and 9.
9
Let l be 18/(-27) + 3030/9. What is the greatest common factor of 42 and l?
42
Let h = 50 + 6. Suppose -5*u - 31 = -r, 5*r - u - 45 = 2*u. Suppose -8 = -w + r. Calculate the highest common factor of h and w.
14
Let l = 633 - 446. Calculate the highest common factor of l and 17.
17
Let c = -56 - -94. Let v = c + -25. Let o(u) = -u**3 + 14*u**2 - 4*u. Let b be o(13). Calculate the greatest common divisor of v and b.
13
Let n(q) = -q**2 + 14*q - 16. Let w be n(12). Suppose 3*f = f - 110. Let k = -15 - f. What is the greatest common factor of k and w?
8
Let s be (0 + 1)/((-4)/(-52)). Let f(h) = h. Let v(t) = 325*t. Let p(k) = -390*f(k) + v(k). Let g be p(-1). Calculate the greatest common factor of g and s.
13
Let i = 0 + 4. Suppose 6*x = 2*x - i*l + 188, 2*l - 196 = -4*x. Suppose -3*z + 0*z = -51. What is the highest common divisor of z and x?
17
Let u = -44 + 77. What is the greatest common divisor of 132 and u?
33
Let v(u) = -2*u**2 + 21*u + 4. Let w be v(10). What is the highest common divisor of 42 and w?
14
Let f(q) = -q**2 + 7*q + 3. Let g be f(6). Let j(k) = -k. Let p be j(9). Let c = 0 - p. Calculate the greatest common factor of g and c.
9
Let z(m) = -12*m + 5. Let h(q) = -1. Let o(v) = -4*h(v) - z(v). Let j be o(12). Calculate the greatest common factor of 13 and j.
13
Let a(v) = -v**3 + 4*v**2 + 2. Let b be a(4). Let g be (-6)/b + -6 + 14. Calculate the highest common factor of g and 5.
5
Suppose -b = -2*b + 4. Suppose 0*s + b*s + j - 56 = 0, 5*s + 4*j = 81. What is the highest common divisor of 104 and s?
13
Let m = 18 + -11. What is the greatest common divisor of 77 and m?
7
Let l(u) = -11*u**2 + 10*u - 5. Let n(x) = 5*x**2 - 5*x + 3. Let d(y) = 2*l(y) + 5*n(y). Let i be d(5). What is the highest common factor of i and 5?
5
Suppose 0 = -f - 3*b - 2*b + 33, -f = 2*b - 39. Suppose 41 = 4*p - f. What is the highest common divisor of p and 7?
7
Suppose 2*b = -2*p + 22, -3*b = -p - 0*b - 1. Calculate the highest common factor of 1 and p.
1
Suppose 2*s - 3*s = -5. Let y = -2 + s. Calculate the highest common divisor of 15 and y.
3
Suppose 5*j + 38 + 2 = 5*a, 5*j = -a + 26. Let s = 83 - 6. Calculate the greatest common factor of s and a.
11
Let w = -12 + 24. Let x be ((-3)/9)/((-1)/15). Let q(n) = 2*n**2 + n + 5. Let h be q(x). Calculate the highest common divisor of h and w.
12
Let l(u) = 4*u - 12. Let k(d) = -d**2 + 7*d - 2. Let w be k(6). Let t be l(w). What is the greatest common factor of 4 and t?
4
Let o(p) = 2*p + 5. Let n be o(6). Let q be -51*3/9*-1. Suppose 2*v - 119 = q. Calculate the highest common factor of n and v.
17
Suppose 5*w - 23 = -x, 0 = 4*x + 8. Suppose -28 = -3*t - 2*t + 3*y, t - 3 = -2*y. Suppose 5*k - 5 - t = 0. Calculate the highest common factor of k and w.
1
Let t be (-1)/2 + (-26)/(-4). Suppose 2*g - 4 = 2. Suppose 12 = -0*v + g*v. What is the highest common divisor of t and v?
2
Let v(d) be the third derivative of d**6/120 + 7*d**5/60 + 7*d**4/24 + 7*d**3/6 + d**2. Let g be v(-6). Calculate the highest common factor of g and 3.
1
Let j be (1*20/15)/((-4)/(-30)). What is the greatest common factor of 2 and j?
2
Let a = -1 - -53. Let f(y) = -3*y + 4. Let p be f(-3). Calculate the greatest common factor of a and p.
13
Let u = -3 + 9. Calculate the greatest common factor of u and 6.
6
Suppose -10*h + 9*h = -396. What is the greatest common divisor of 36 and h?
36
Suppose 2*b = 5*c + 506, -2*b = -4*c - 726 + 224. What is the greatest common divisor of 27 and b?
27
Let a = 18 - 17. Let r(s) = 13*s. Let d be r(a). Let v = 59 + -33. What is the highest common factor of d and v?
13
Let s = 171 - 91. Calculate the highest common factor of s and 32.
16
Let l = 14 + -10. Suppose -l*k = k - 105. Let u be 1 + 146 + -2 + 2. Calculate the greatest common divisor of k and u.
21
Let i(m) = m**3 - 3*m**2 - 3*m + 3. Let z be i(4). What is the highest common factor of z and 56?
7
Let d be -1*(2 - 12 -